3, 887, 20873
List the prime factors of 1877089701.
3, 10369, 60343
What are the prime factors of 368814785?
5, 73762957
List the prime factors of 5009188250.
2, 5, 11, 43, 3851
List the prime factors of 50782989.
3, 181, 93523
List the prime factors of 363578599.
811, 448309
What are the prime factors of 3890544885?
3, 5, 28818851
What are the prime factors of 3501219848?
2, 7, 139, 449797
What are the prime factors of 2154061612?
2, 538515403
What are the prime factors of 1963645431?
3, 11, 31, 41, 46817
What are the prime factors of 49009153?
53, 97, 9533
List the prime factors of 1071321127.
461, 2323907
What are the prime factors of 595349305?
5, 449, 509, 521
List the prime factors of 1941737596.
2, 485434399
What are the prime factors of 12701026?
2, 13, 53, 709
List the prime factors of 2855757396.
2, 3, 237979783
What are the prime factors of 1584826328?
2, 19, 37, 281797
What are the prime factors of 116505917?
11, 251, 42197
What are the prime factors of 519242833?
519242833
What are the prime factors of 5340612?
2, 3, 467, 953
What are the prime factors of 290968093?
13, 271, 82591
List the prime factors of 1634945738.
2, 211, 3874279
List the prime factors of 8014796436.
2, 3, 73, 607, 15073
What are the prime factors of 39569330?
2, 5, 31, 127643
List the prime factors of 16571300.
2, 5, 165713
List the prime factors of 2631472110.
2, 3, 5, 3248731
What are the prime factors of 403711013?
403711013
What are the prime factors of 241430417?
241430417
List the prime factors of 5605643.
41, 47, 2909
List the prime factors of 244425674.
2, 43, 2842159
List the prime factors of 270708232.
2, 71, 476599
List the prime factors of 20025124.
2, 7, 71, 1439
List the prime factors of 1043167.
1043167
List the prime factors of 1480298517.
3, 599, 91529
What are the prime factors of 917442937?
41, 499, 44843
List the prime factors of 199604977.
11, 13, 1395839
What are the prime factors of 4332814963?
4332814963
What are the prime factors of 4506505321?
4506505321
What are the prime factors of 76768791?
3, 11, 2326327
What are the prime factors of 89349308?
2, 53, 421459
List the prime factors of 192403684.
2, 11, 449, 9739
What are the prime factors of 2028077543?
17, 119298679
What are the prime factors of 40845386?
2, 20422693
What are the prime factors of 26731744?
2, 13, 4943
List the prime factors of 420066035.
5, 977, 85991
What are the prime factors of 223606023?
3, 23, 3240667
List the prime factors of 18797587.
67, 280561
What are the prime factors of 462467242?
2, 331, 698591
List the prime factors of 2505438090.
2, 3, 5, 27838201
List the prime factors of 8463940.
2, 5, 29, 14593
List the prime factors of 35357215.
5, 7071443
List the prime factors of 438581760.
2, 3, 5, 57107
What are the prime factors of 3259111585?
5, 7177, 90821
What are the prime factors of 216140180?
2, 5, 2693, 4013
What are the prime factors of 978136836?
2, 3, 41, 53, 37511
List the prime factors of 749490031.
749490031
What are the prime factors of 205640240?
2, 5, 13, 23, 8597
What are the prime factors of 4157235?
3, 5, 92383
What are the prime factors of 39792214?
2, 7, 11, 36913
List the prime factors of 1243254750.
2, 3, 5, 1657673
What are the prime factors of 2921681752?
2, 11, 491, 67619
What are the prime factors of 682519174?
2, 269, 1268623
List the prime factors of 138846062.
2, 2729, 25439
List the prime factors of 5535919.
5535919
What are the prime factors of 1498582539?
3, 1993, 9283
What are the prime factors of 1472554525?
5, 13, 4530937
What are the prime factors of 80668906?
2, 40334453
List the prime factors of 4049566717.
7, 881, 656651
What are the prime factors of 703133002?
2, 11, 13, 103, 23869
List the prime factors of 433839935.
5, 3011, 28817
What are the prime factors of 5622640870?
2, 5, 7, 11, 43, 169817
List the prime factors of 2193566754.
2, 3, 263, 631, 2203
List the prime factors of 1873278817.
3593, 521369
What are the prime factors of 469519843?
13, 36116911
List the prime factors of 310699350.
2, 3, 5, 13, 173, 307
What are the prime factors of 2109862225?
5, 101, 449, 1861
What are the prime factors of 98878599?
3, 97, 191, 593
List the prime factors of 511923410.
2, 5, 1747, 29303
List the prime factors of 22984491.
3, 7661497
List the prime factors of 15446331.
3, 43, 167, 239
List the prime factors of 2549226372.
2, 3, 7, 11, 394129
What are the prime factors of 495675602?
2, 247837801
List the prime factors of 191832504.
2, 3, 7993021
List the prime factors of 23392997.
3089, 7573
List the prime factors of 404310004.
2, 7, 2591, 5573
List the prime factors of 423662651.
113, 33179
List the prime factors of 897775907.
7, 128253701
List the prime factors of 566963588.
2, 31, 257, 17791
List the prime factors of 1139877914.
2, 7, 17, 1597, 2999
List the prime factors of 125720330.
2, 5, 1307, 9619
List the prime factors of 3105052786.
2, 11, 173, 815831
List the prime factors of 44412340.
2, 5, 7, 29, 10939
What are the prime factors of 77047110?
2, 3, 5, 7, 17471
What are the prime factors of 2234477383?
5303, 421361
List the prime factors of 3202822.
2, 7, 228773
List the prime factors of 1491252123.
3, 29, 41, 418069
What are the prime factors of 1210682?
2, 11, 113, 487
What are the prime factors of 23531662?
2, 7, 11, 83, 263
List the prime factors of 5624391.
3, 1874797
What are the prime factors of 48999954?
2, 3, 8166659
What are the prime factors of 327968510?
2, 5, 1373, 23887
What are the prime factors of 136738031?
1321, 103511
What are the prime factors of 128272624?
2, 8017039
List the prime factors of 173237878.
2, 11, 715859
List the prime factors of 1307398074.
2, 3, 89, 2448311
List the prime factors of 21348543.
3, 2111, 3371
What are the prime factors of 2610204478?
2, 7, 186443177
List the prime factors of 856918.
2, 229, 1871
List the prime factors of 1509159453.
3, 31, 1753, 9257
List the prime factors of 3329128317.
3, 37, 29992147
List the prime factors of 16903982.
2, 8451991
List the prime factors of 404397061.
383, 1055867
What are the prime factors of 1197732887?
13, 19, 4849121
What are the prime factors of 237697410?
2, 3, 5, 19, 23, 18131
What are the prime factors of 218710241?
218710241
What are the prime factors of 1037277420?
2, 3, 5, 463, 37339
What are the prime factors of 43682666?
2, 127, 229, 751
What are the prime factors of 113369241?
3, 479, 78893
What are the prime factors of 581756680?
2, 5, 14543917
List the prime factors of 38998513.
53, 735821
List the prime factors of 111968477.
17, 449, 14669
What are the prime factors of 462379093?
11, 929, 45247
List the prime factors of 100683400.
2, 5, 47, 10711
What are the prime factors of 21679078?
2, 41, 59, 4481
List the prime factors of 1863705100.
2, 5, 47, 396533
List the prime factors of 71627061.
3, 11, 109, 19913
What are the prime factors of 1165103412?
2, 3, 11, 8826541
List the prime factors of 2682090640.
2, 5, 33526133
List the prime factors of 2444516242.
2, 7, 7351, 23753
What are the prime factors of 1743241787?
7, 35576363
What are the prime factors of 459239135?
5, 1259, 72953
What are the prime factors of 52261583?
11, 4751053
List the prime factors of 248046619.
3797, 65327
What are the prime factors of 84851252?
2, 3253, 6521
List the prime factors of 6307123070.
2, 5, 41, 15383227
What are the prime factors of 222514185?
3, 5, 991, 14969
What are the prime factors of 567197776?
2, 29, 1222409
List the prime factors of 906704636.
2, 47, 521, 9257
List the prime factors of 68180205.
3, 5, 67, 179, 379
List the prime factors of 817884861.
3, 14923, 18269
List the prime factors of 82559181.
3, 27519727
List the prime factors of 4786668.
2, 3, 23, 41, 47
List the prime factors of 493356821.
101, 4884721
What are the prime factors of 68708037?
3, 59, 388181
List the prime factors of 101044095.
3, 5, 6736273
List the prime factors of 293106382.
2, 47, 3118153
What are the prime factors of 209026903?
209026903
List the prime factors of 190702064.
2, 7, 1702697
What are the prime factors of 339965767?
5653, 60139
What are the prime factors of 66809417?
29, 59, 39047
What are the prime factors of 249192838?
2, 124596419
List the prime factors of 4070905089.
3, 31, 61, 717593
List the prime factors of 227535